en 59 is divided by 7?
3
What is the remainder when 3553 is divided by 115?
103
What is the remainder when 51441 is divided by 89?
88
Calculate the remainder when 4516 is divided by 2255.
6
What is the remainder when 144 is divided by 15?
9
Calculate the remainder when 2318 is divided by 231.
8
Calculate the remainder when 337 is divided by 26.
25
What is the remainder when 1291 is divided by 76?
75
What is the remainder when 2083 is divided by 174?
169
Calculate the remainder when 456 is divided by 93.
84
What is the remainder when 2897 is divided by 145?
142
Calculate the remainder when 52 is divided by 33.
19
What is the remainder when 206 is divided by 45?
26
Calculate the remainder when 1634 is divided by 118.
100
Calculate the remainder when 29919 is divided by 220.
219
Calculate the remainder when 401 is divided by 31.
29
Calculate the remainder when 152 is divided by 45.
17
What is the remainder when 239 is divided by 6?
5
What is the remainder when 109 is divided by 17?
7
Calculate the remainder when 4969 is divided by 5.
4
What is the remainder when 359 is divided by 40?
39
Calculate the remainder when 585 is divided by 8.
1
What is the remainder when 5 is divided by 5?
0
What is the remainder when 1578 is divided by 51?
48
Calculate the remainder when 35 is divided by 10.
5
Calculate the remainder when 19 is divided by 11.
8
What is the remainder when 461 is divided by 14?
13
Calculate the remainder when 761 is divided by 64.
57
Calculate the remainder when 19 is divided by 16.
3
Calculate the remainder when 667 is divided by 7.
2
Calculate the remainder when 2932 is divided by 163.
161
What is the remainder when 352 is divided by 12?
4
Calculate the remainder when 599 is divided by 43.
40
Calculate the remainder when 123 is divided by 31.
30
Calculate the remainder when 385 is divided by 28.
21
What is the remainder when 208 is divided by 26?
0
What is the remainder when 1166 is divided by 16?
14
What is the remainder when 218 is divided by 72?
2
Calculate the remainder when 435 is divided by 45.
30
Calculate the remainder when 215 is divided by 56.
47
Calculate the remainder when 81 is divided by 34.
13
What is the remainder when 125 is divided by 44?
37
What is the remainder when 7127 is divided by 2374?
5
What is the remainder when 10033 is divided by 15?
13
Calculate the remainder when 325 is divided by 83.
76
Calculate the remainder when 193 is divided by 50.
43
Calculate the remainder when 20 is divided by 5.
0
Calculate the remainder when 443 is divided by 12.
11
Calculate the remainder when 4633 is divided by 1521.
70
What is the remainder when 2514 is divided by 37?
35
What is the remainder when 123 is divided by 46?
31
Calculate the remainder when 195 is divided by 18.
15
What is the remainder when 72 is divided by 28?
16
What is the remainder when 3396 is divided by 74?
66
Calculate the remainder when 105 is divided by 102.
3
Calculate the remainder when 282 is divided by 132.
18
What is the remainder when 54 is divided by 14?
12
What is the remainder when 983 is divided by 23?
17
Calculate the remainder when 500 is divided by 40.
20
What is the remainder when 1165 is divided by 42?
31
What is the remainder when 876 is divided by 23?
2
Calculate the remainder when 2267 is divided by 367.
65
Calculate the remainder when 194 is divided by 76.
42
What is the remainder when 549 is divided by 25?
24
Calculate the remainder when 77 is divided by 28.
21
Calculate the remainder when 9421 is divided by 27.
25
Calculate the remainder when 1684 is divided by 282.
274
What is the remainder when 129 is divided by 128?
1
What is the remainder when 288 is divided by 133?
22
Calculate the remainder when 335 is divided by 34.
29
Calculate the remainder when 1339 is divided by 134.
133
Calculate the remainder when 371 is divided by 73.
6
Calculate the remainder when 385 is divided by 55.
0
What is the remainder when 40 is divided by 15?
10
What is the remainder when 152 is divided by 69?
14
Calculate the remainder when 2129 is divided by 10.
9
Calculate the remainder when 5470 is divided by 144.
142
Calculate the remainder when 1197 is divided by 91.
14
What is the remainder when 8786 is divided by 6?
2
What is the remainder when 482 is divided by 156?
14
Calculate the remainder when 1245 is divided by 39.
36
Calculate the remainder when 87 is divided by 56.
31
What is the remainder when 270 is divided by 16?
14
What is the remainder when 256 is divided by 31?
8
What is the remainder when 255 is divided by 16?
15
Calculate the remainder when 800 is divided by 11.
8
What is the remainder when 333 is divided by 49?
39
What is the remainder when 297 is divided by 15?
12
What is the remainder when 871 is divided by 152?
111
Calculate the remainder when 8272 is divided by 14.
12
Calculate the remainder when 281 is divided by 67.
13
Calculate the remainder when 601 is divided by 11.
7
What is the remainder when 2253 is divided by 41?
39
Calculate the remainder when 466 is divided by 92.
6
Calculate the remainder when 129 is divided by 42.
3
Calculate the remainder when 39 is divided by 13.
0
Calculate the remainder when 28 is divided by 11.
6
Calculate the remainder when 68 is divided by 36.
32
What is the remainder when 689 is divided by 23?
22
Calculate the remainder when 66 is divided by 23.
20
Calculate the remainder when 492 is divided by 9.
6
What is the remainder when 60 is divided by 13?
8
Calculate the remainder when 700 is divided by 101.
94
Calculate the remainder when 294 is divided by 282.
12
Calculate the remainder when 1005 is divided by 19.
17
Calculate the remainder when 511 is divided by 286.
225
What is the remainder when 290 is divided by 30?
20
Calculate the remainder when 111 is divided by 14.
13
Calculate the remainder when 153 is divided by 28.
13
Calculate the remainder when 140 is divided by 48.
44
Calculate the remainder when 1463 is divided by 61.
60
What is the remainder when 76 is divided by 16?
12
What is the remainder when 1771 is divided by 148?
143
Calculate the remainder when 1090 is divided by 78.
76
What is the remainder when 91 is divided by 43?
5
What is the remainder when 4645 is divided by 26?
17
Calculate the remainder when 311 is divided by 147.
17
Calculate the remainder when 57 is divided by 26.
5
What is the remainder when 1169 is divided by 24?
17
What is the remainder when 89 is divided by 47?
42
Calculate the remainder when 148 is divided by 28.
8
What is the remainder when 318 is divided by 219?
99
What is the remainder when 243 is divided by 7?
5
Calculate the remainder when 181 is divided by 86.
9
What is the remainder when 184 is divided by 51?
31
Calculate the remainder when 316 is divided by 42.
22
Calculate the remainder when 5031 is divided by 35.
26
Calculate the remainder when 396 is divided by 35.
11
What is the remainder when 52 is divided by 35?
17
What is the remainder when 793 is divided by 128?
25
Calculate the remainder when 2744 is divided by 910.
14
Calculate the remainder when 1055 is divided by 331.
62
Calculate the remainder when 356 is divided by 60.
56
What is the remainder when 335 is divided by 38?
31
Calculate the remainder when 2276 is divided by 12.
8
Calculate the remainder when 874 is divided by 65.
29
What is the remainder when 2478 is divided by 67?
66
Calculate the remainder when 429 is divided by 151.
127
Calculate the remainder when 156 is divided by 25.
6
Calculate the remainder when 1187 is divided by 54.
53
What is the remainder when 294 is divided by 94?
12
Calculate the remainder when 228 is divided by 78.
72
What is the remainder when 425 is divided by 202?
21
What is the remainder when 217 is divided by 44?
41
Calculate the remainder when 258 is divided by 79.
21
Calculate the remainder when 1697 is divided by 543.
68
What is the remainder when 1009 is divided by 91?
8
What is the remainder when 281 is divided by 31?
2
What is the remainder when 28 is divided by 3?
1
What is the remainder when 114 is divided by 63?
51
Calculate the remainder when 61 is divided by 8.
5
What is the remainder when 914 is divided by 205?
94
What is the remainder when 1732 is divided by 22?
16
Calculate the remainder when 692 is divided by 78.
68
What is the remainder wh